6) in base 2?
10011011000011000100
What is -100010011101011011010 (base 2) in base 8?
-4235332
Convert 231330522 (base 6) to base 10.
4273106
What is -10011011 (base 5) in base 16?
-13421
Convert -8107 (base 14) to base 4.
-11122023
1b6b8a (base 12) to base 9
824677
-a870 (base 12) to base 10
-18516
Convert 645c3 (base 14) to base 6.
5111131
What is 551025 (base 12) in base 10?
1349597
Convert 4c86d (base 16) to base 5.
40012303
Convert -140321242 (base 5) to base 7.
-6032323
Convert 302832 (base 11) to base 2.
1110110110110100010
404b7 (base 13) to base 4
130011332
-22004033 (base 5) to base 15
-3aa98
Convert -21121101 (base 4) to base 3.
-1221210020
What is 5112421 (base 6) in base 13?
8676a
Convert -6913991 (base 10) to base 8.
-32277707
Convert -37aae (base 15) to base 10.
-177914
What is -112000010211 (base 3) in base 6?
-5524121
What is 2cc64 (base 15) in base 8?
432240
What is 40214101 (base 5) in base 11?
1a938a
What is 113101130 (base 4) in base 7?
544625
-1000011111001100001 (base 2) to base 3
-112010111111
Convert 522225 (base 6) to base 12.
20375
What is b2935c (base 13) in base 8?
17700246
-49376b (base 14) to base 13
-699ca1
What is -232130430 (base 5) in base 8?
-4006526
What is -174a7 (base 14) in base 4?
-32102323
-33220310233 (base 4) to base 11
-234aa15
Convert 3200301130 (base 5) to base 10.
6650165
What is -277768 (base 9) in base 2?
-101001011100011101
What is 9d2ae (base 15) in base 14?
d0386
What is -1064571 (base 12) in base 9?
-5772224
Convert -13130693 (base 10) to base 11.
-7459314
What is 22101211201020 (base 3) in base 2?
10001000010000100010011
Convert -13433200 (base 5) to base 3.
-21002202210
29e9f (base 16) to base 2
101001111010011111
What is -1574293 (base 10) in base 13?
-431746
Convert 27703 (base 8) to base 15.
3952
-100012200202 (base 3) to base 8
-542062
-606 (base 12) to base 4
-31212
Convert -6093b3 (base 13) to base 6.
-120104132
22110213113 (base 4) to base 12
aa5a9b
Convert 10042024224 (base 5) to base 4.
212210203111
-54747 (base 15) to base 2
-1000001011111101011
Convert 18531d (base 14) to base 11.
537822
Convert -261164 (base 8) to base 3.
-11121110202
What is -2293420 (base 10) in base 2?
-1000101111111010101100
-a7aa69 (base 16) to base 10
-10988137
Convert 2012322230 (base 4) to base 14.
10556c
What is 1aee34 (base 16) in base 12?
711444
1fd3d (base 16) to base 10
130365
574940 (base 10) to base 7
4613132
Convert -40231 (base 8) to base 4.
-10002121
-111102232031 (base 4) to base 5
-2412103314
Convert -111001000001111011000000 (base 2) to base 3.
-1001010112122200
13805 (base 16) to base 8
234005
-11010000200 (base 4) to base 12
-540028
What is 1110020401 (base 5) in base 8?
11174672
What is 20201442 (base 5) in base 15?
3334c
-e7157 (base 16) to base 8
-3470527
What is -1528680 (base 10) in base 5?
-342404210
Convert -18b29f (base 16) to base 5.
-403243331
What is -212121011120 (base 3) in base 6?
-13542240
1e8bb (base 15) to base 2
11000011000001011
What is -15052334 (base 7) in base 15?
-1d21bb
What is 120223143 (base 6) in base 12?
90aab3
Convert 20881 (base 15) to base 6.
2113351
362327 (base 8) to base 7
1024602
Convert -29342 (base 10) to base 15.
-8a62
What is 100110001212 (base 3) in base 6?
3552505
Convert -12b80 (base 16) to base 11.
-52672
72b13 (base 12) to base 5
14301312
Convert -398ad (base 15) to base 16.
-2cf95
Convert -1625494 (base 12) to base 11.
-2614319
-1010010111101010010 (base 2) to base 15
-6aa2e
What is 4403662 (base 7) in base 13?
15b563
-120b (base 16) to base 12
-280b
7bffa (base 16) to base 2
1111011111111111010
509a89 (base 12) to base 10
1261257
Convert -10213123323 (base 4) to base 12.
-4a4363
Convert -11000100121101 (base 3) to base 12.
-86a2a7
What is -1001121120201021 (base 3) in base 4?
-322000211023
What is -50140345 (base 6) in base 8?
-5307251
What is 78557 (base 12) in base 11?
aa03a
Convert 36004134 (base 8) to base 3.
112210122202101
Convert -1110000343 (base 6) to base 4.
-231322310013
918a (base 14) to base 3
1021022110
What is 128107 (base 14) in base 11?
3a549a
What is -ba4cd (base 16) in base 6?
-24204445
What is 459451 (base 10) in base 5?
104200301
What is 3200611 (base 7) in base 10?
386863
What is -111212120102 (base 3) in base 13?
-9739a
What is 411a6a (base 14) in base 10?
2194510
-57136 (base 11) to base 6
-1434442
-113513023 (base 6) to base 4
-20022203013
What is -7645 (base 10) in base 5?
-221040
What is 147006 (base 9) in base 10?
90402
What is -11102221120 (base 3) in base 13?
-30a53
Convert 31400d (base 15) to base 7.
25623520
What is -ad06 (base 14) in base 8?
-72452
Convert 120212011002 (base 3) to base 11.
1a3558
Convert 4054541 (base 6) to base 10.
194173
What is 1a8bb8 (base 16) in base 11?
a8907a
Convert -cdabac (base 16) to base 14.
-1b0c176
4b1b27 (base 15) to base 10
3600262
What is -15cb30 (base 14) in base 8?
-2726146
-29930 (base 11) to base 5
-2324013
Convert 20480 (base 16) to base 5.
13212344
-33f09c (base 16) to base 8
-14770234
-222331142 (base 5) to base 6
-33001500
1360689 (base 13) to base 9
12446633
-25600576 (base 8) to base 14
-a85dca
Convert 341413 (base 11) to base 10.
543546
1010101011000101 (base 2) to base 9
65864
What is 105150154 (base 6) in base 16?
1d6836
-4bc64 (base 13) to base 15
-2b981
-7573405 (base 8) to base 3
-10211002200220
What is 87408 (base 13) in base 5?
30311201
What is -1401015 (base 6) in base 16?
-130a3
29aa8 (base 15) to base 12
65695
12122120131 (base 4) to base 13
46b13c
Convert -c804 (base 16) to base 4.
-30200010
-32962 (base 16) to base 3
-101112020011
-3aa76 (base 11) to base 4
-32102132
b316a (base 14) to base 7
3443563
Convert 3043113230 (base 5) to base 6.
341213524
1668035 (base 9) to base 5
214242330
Convert -257488a (base 11) to base 15.
-5d0a04
What is a10532 (base 11) in base 14?
3046bd
2570a1 (base 13) to base 15
12be01
What is 112020000122012 (base 3) in base 11?
42a2a99
310021222220 (base 4) to base 11
7798315
What is -13120010 (base 4) in base 2?
-111011000000100
-11321231033 (base 4) to base 8
-5715517
Convert b65952 (base 12) to base 16.
2bd10e
516131 (base 7) to base 5
10313230
What is -99708a (base 11) in base 15?
-21647d
What is 588586 (base 9) in base 11?
222002
What is -9b9a4 (base 14) in base 13?
-102c94
Convert -2430013 (base 5) to base 3.
-2022121010
What is 24243221 (base 5) in base 7?
1636352
2431041 (base 10) to base 16
251841
What is -215005102 (base 6) in base 14?
-72b914
Convert -27762 (base 8) to base 13.
-5782
Convert 16491462 (base 10) to base 14.
2294018
-16d6d (base 16) to base 6
-2001033
Convert -243a93 (base 11) to base 16.
-5e3b3
What is 2030255 (base 7) in base 2?
111011001111001111
Convert -1212212101202 (base 3) to base 10.
-1001207
Convert 214011031 (base 5) to base 2.
11100001010000010001
-11a71 (base 16) to base 13
-26bac
Convert -2306611 (base 7) to base 13.
-a117c
Convert 20b9056 (base 13) to base 16.
986631
299768 (base 10) to base 8
1111370
Convert -289759 (base 10) to base 2.
-1000110101111011111
Convert -c52d4 (base 16) to base 6.
-25151020
57bbd (base 15) to base 8
1041553
2614316 (base 7) to base 15
6ab68
What is -2775705 (base 9) in base 4?
-11310221201
What is 24714 (base 14) in base 6?
1524542
What is 357a4 (base 11) in base 5?
3122124
What is -315468 (base 10) in base 9?
-530660
Convert 5992125 (base 10) to base 3.
102021102122120
What is 1369060 (base 11) in base 3?
11102121220121
What is 2901067 (base 11) in base 6?
255012145
Convert -1120202122002 (base 3) to base 10.
-841727
What is 6a4600 (base 11) in base 4?
10101020232
Convert -1410423 (base 7) to base 4.
-231301203
Convert 100011001001111 (base 2) to base 16.
464f
What is 6435311 (base 10) in base 11?
36a5a43
-102330321 (base 4) to base 11
-53359
What is -222550 (base 7) in base 15?
-ba07
Convert 313320220 (base 4) to base 2.
110111111000101000
-c3ce5 (base 16) to base 11
-4a8630
2280487 (base 9) to base 16
12d3cf
What is aa937 (base 14) in base 7?
3341200
Convert 22312430 (base 5) to base 4.
300103221
Convert 95a67 (base 13) to base 7.
2202421
What is 3b448 (base 12) in base 11?
56548
What is -1fa4f (base 16) in base 12?
-63013
What is 1858a28 (base 13) in base 5?
4014144013
-4a2744 (base 13) to base 3
-10100020210011
738465 (base 10) to base 2
1011010001001